r when n is divided by 7 + v + -2 + 0?
4
Suppose 3*j - 8 = 88. Let b = 6 - 3. Suppose w - b = 8. What is the remainder when j is divided by w?
10
Let p(b) = 9 - 7*b - 4*b - b**2 - 14. What is the remainder when p(-8) is divided by 10?
9
Let v be (-4)/(-12) - (-22)/6. Suppose 5*n = 2*w - 14, w = -2 + v. Calculate the remainder when 13 is divided by n/(-2)*-1*-5.
3
Suppose -5*q + 10 = m - 29, 5*m + 2*q = 149. What is the remainder when m is divided by 8?
5
Suppose -v + 5*m + 58 = 2*v, -m + 17 = 2*v. What is the remainder when 21 is divided by v?
10
Let d = -11 - -11. Suppose 5*s - 39 = -a + 96, d = -s + 3*a + 43. What is the remainder when s is divided by 15?
13
Let q(i) = -6*i + 7. Let d(u) = 12*u - 15. Let z(a) = -2*d(a) - 5*q(a). Suppose 0 = 5*y - 28 - 37. What is the remainder when z(5) is divided by y?
12
Let t be 3 - (0/3)/(-2). Suppose t*p = -3*i - 3, 6*p - p + 9 = -4*i. Let c(v) = -v**2 - 7*v + 7. What is the remainder when 66 is divided by c(p)?
15
Suppose s - 10 = -t, 0*t + s + 20 = t. What is the remainder when 27 is divided by t?
12
Let g(c) = c - 6. Suppose 0 = -3*r - 7 + 34. Let p be g(r). Let z = p - 2. What is the remainder when 1 is divided by z?
0
Suppose b - 4*b + 12 = 0. Suppose -7*a + 11*a = 32. What is the remainder when a is divided by b?
0
Suppose -245 = -2*k + 5*o, 0*o - 2*o = -5*k + 581. What is the remainder when k is divided by 29?
28
Let c = 4 + 10. Calculate the remainder when 53 is divided by c.
11
Suppose 2*g - r - 64 + 11 = 0, 3*g - 112 = -5*r. Calculate the remainder when 86 is divided by g.
28
Suppose 3*b - 4*m + 20 = 0, 3*b + m - 3 = 2. Suppose -36 = -4*k + p, b*k + k = 4*p - 6. Calculate the remainder when 37 is divided by k.
7
Let c(d) = d**2 + 9*d. Let w be c(-9). Let k be 1 + w - 1 - -2. Suppose k*o + 0*o - 12 = 0. What is the remainder when 17 is divided by o?
5
Let p(j) = j. Suppose -a + 20 = 4*v, -13 - 7 = -5*a - 4*v. What is the remainder when p(9) is divided by (a + -2 - -7)/1?
4
Suppose 5*o - 177 = 68. Calculate the remainder when o is divided by 13.
10
Suppose 7*t - 4*t - 81 = 0. What is the remainder when t is divided by 15?
12
Suppose 3*z - 423 = -4*a, 5*z = a - 0*a - 77. Calculate the remainder when a is divided by 15.
12
Let m = 7 - 9. Calculate the remainder when 3/m*222/(-9) is divided by 20.
17
Suppose 50 = 2*f - 22. Suppose -f - 22 = -2*s. Let u = -7 - -17. What is the remainder when s is divided by u?
9
Let u = -7 + 2. Let y(z) = -2*z**2 - 12*z - 1. Calculate the remainder when y(u) is divided by 5.
4
Suppose 7*c = 12*c - 80. What is the remainder when 61 is divided by c?
13
Let x be (6/5)/((-6)/(-260)). Let h = x - 33. What is the remainder when h is divided by 5?
4
Suppose -5*s + 41 + 99 = 4*f, 5*f + 4*s - 175 = 0. What is the remainder when 66 is divided by f?
31
Let b = 69 + 22. Calculate the remainder when b is divided by 23.
22
Let i be -1 - (2 + 0 + -4). Suppose 4*p + 2*k = 2 + 20, -p = 4*k + 5. What is the remainder when 11 is divided by (0 - -1)/(i/p)?
4
Let r(p) = -p**3 + 5*p**2 + 8*p + 2. Let i be 3 - -1 - (-5 + 3). Calculate the remainder when 39 is divided by r(i).
11
Suppose -13*c + 17*c - 56 = 0. Calculate the remainder when 54 is divided by c.
12
Let s = 13 - 8. Suppose -s = -3*q - 2*q. Calculate the remainder when 1 is divided by q.
0
Calculate the remainder when 55 is divided by (-5 + 150)*3/15.
26
Let m(r) = -48*r**3 - 2*r**2 + 2*r - 3. Let u(x) = -96*x**3 - 3*x**2 + 3*x - 5. Let y(b) = 7*m(b) - 4*u(b). What is the remainder when y(1) is divided by 12?
11
Let d(w) = -3*w - 10. Let a be d(-9). Let s = a + 16. What is the remainder when s is divided by 9?
6
Let z = -34 + 39. What is the remainder when 8 is divided by z?
3
Suppose 4*r + 5*g - 11 = 0, -2*r + 0 = 3*g - 5. Suppose r*x + 0 = 24. What is the remainder when (-3)/(-3) + x + -1 is divided by 2?
0
Suppose 2*g + 21 = 109. Suppose 0*n + g = 2*n - 2*a, 0 = 3*n - 5*a - 64. What is the remainder when n is divided by 8?
7
Suppose -15 = -5*s + 30. What is the remainder when ((-34)/(-4))/((-14)/(-28)) is divided by s?
8
Suppose -5*q + 24 = -2*q. What is the remainder when 22 is divided by q?
6
Suppose -6*b + 1215 = -b - 3*m, -729 = -3*b - 5*m. What is the remainder when b is divided by 49?
47
Suppose -5*n = 3*u - 26, -3*n + u = 2*n - 38. What is the remainder when 13 is divided by n?
6
Suppose 0 = 4*c + c - 20. Suppose 5*q + 4*s + 222 = 3*s, 2*q + c*s = -96. Let r = -22 - q. Calculate the remainder when r is divided by 8.
6
Let t(x) be the second derivative of -1/2*x**3 + 2*x - x**2 + 0. What is the remainder when 64 is divided by t(-8)?
20
Let k be (-10)/(-3) + (-2)/6. Suppose -p + 0 = k, -236 = -2*m - 2*p. Calculate the remainder when m is divided by 31.
28
Let q(y) = -3*y**2 - 4*y - 2. Let i be q(-4). Let g = i + 47. Calculate the remainder when g is divided by 7.
6
Let k(t) = t + 10. Calculate the remainder when 28 is divided by k(0).
8
Let m be (3 - 6) + -1*5. Let r = m + 23. Calculate the remainder when 43 is divided by r.
13
Let g(s) = s**2 + s - 1. Let x be g(1). Let t(h) = 26*h. Let u = -18 + 27. What is the remainder when t(x) is divided by u?
8
Let u be (3 - 336)*(3 - 4). Calculate the remainder when (-6)/(-9)*u/6 is divided by 13.
11
Let d(h) = -11*h + 7. Let o(s) = -5*s + 4. Let g(r) = -3*d(r) + 5*o(r). Let c be g(2). Let q = c + 2. What is the remainder when 32 is divided by q?
15
Let i be (6 + -5)/(1/(-3)). Calculate the remainder when 7 is divided by -1 - -9 - (i + 6).
2
Suppose -4*o - 220 = 2*v + 3*v, 5*o + 296 = -v. Calculate the remainder when 4/6*o/(-8) is divided by 3.
2
Let g(p) = -p**3 + 7*p**2 - 7*p + 10. Let b be g(6). Suppose b*r + 3 = -4*k + 51, 3*r = -5*k + 26. What is the remainder when 32 is divided by r?
15
Suppose -3*m = -m - 6. What is the remainder when 4 is divided by m?
1
Let o(b) be the third derivative of -b**5/60 - b**4/4 - b**3/3 + 2*b**2. Let i = -3 + 14. What is the remainder when i is divided by o(-4)?
5
Suppose 70*z = 81*z - 363. What is the remainder when 164 is divided by z?
32
Let k(r) = -3*r. Let o be k(8). Let u be (3/2)/((-18)/o). Suppose -u*g + q = -0*g - 24, -2*q + 24 = 2*g. What is the remainder when 47 is divided by g?
11
Let i(p) = -p**3 - 13*p**2 + 29*p + 15. Calculate the remainder when i(-15) is divided by 10.
0
Suppose 6*k - 4 = 5*k. Calculate the remainder when 27 is divided by k.
3
Let c = -14 + 76. What is the remainder when c is divided by 32?
30
Let v = -69 + 86. Let i(u) = -u**3 + 10. What is the remainder when v is divided by i(0)?
7
Let w(o) = o**3 + 3*o**2 - 5*o - 2. Let l be w(-3). Let t = l + -10. Calculate the remainder when 6 is divided by t.
0
Let q be 1*22/(4/2). Suppose 5 = 2*h - q. What is the remainder when 14 is divided by h?
6
Suppose 0*z = -2*z + 4. Calculate the remainder when (0 - 1) + 2 + 3 is divided by z.
0
Let d = 116 - 75. Calculate the remainder when d is divided by 7.
6
Let s(x) = -2*x**3 - 5*x**2 + 7. Calculate the remainder when 62 is divided by s(-3).
14
Let n(y) = -2*y + 3. What is the remainder when n(-8) is divided by 4?
3
Suppose 3*a - 107 = 25. Calculate the remainder when 42 is divided by (a/6)/(14/21).
9
What is the remainder when (-38 + 1)/(0 - 1) is divided by 13?
11
Let i be ((-3)/7)/(3/(-21)). Suppose -3*a - i*m = -4*m - 88, 32 = a + m. Calculate the remainder when a is divided by 16.
14
Suppose b + 8 + 14 = 0. What is the remainder when 13 is divided by 4/(-22) - 158/b?
6
Let f(m) = m**2 + 5*m - 3. What is the remainder when f(-7) is divided by 4?
3
Suppose c = 36 + 34. Calculate the remainder when c is divided by 18.
16
Let l(h) = 3*h**2 - h - 13. Calculate the remainder when 27 is divided by l(-3).
10
Let z(a) = 3*a - 4. Let m(b) = 3*b - 4. Let y(h) = 3*m(h) - 2*z(h). Let j = 52 + -26. Calculate the remainder when j is divided by y(6).
12
Suppose -5*y = -0*l - l - 81, 13 = y + 3*l. What is the remainder when 60 is divided by y?
12
Suppose -30 = 3*p - 5*p. Suppose p + 18 = 3*r. What is the remainder when 42 is divided by r?
9
Suppose -z - 3*y + 52 = 0, 3*z + 4*y - 133 - 23 = 0. Calculate the remainder when 155 is divided by z.
51
Suppose 0*p = -3*p + 3*u + 6, 3*p - 16 = u. Let z = 22 + -4. What is the remainder when z is divided by p?
4
Let g = 72 - 30. Calculate the remainder when g is divided by 9.
6
Let j = 17 + -